s divided by 1254.
1236
What is the remainder when 8757 is divided by 8391?
366
Calculate the remainder when 825868 is divided by 2134.
10
What is the remainder when 9191590 is divided by 395?
335
What is the remainder when 1156133 is divided by 34?
31
What is the remainder when 757013 is divided by 233?
229
Calculate the remainder when 5314239 is divided by 419.
62
What is the remainder when 115804 is divided by 38449?
457
Calculate the remainder when 789033 is divided by 1953.
21
What is the remainder when 133634 is divided by 13075?
2884
What is the remainder when 64195 is divided by 128?
67
What is the remainder when 1049235 is divided by 407?
396
Calculate the remainder when 113568 is divided by 5349.
1239
Calculate the remainder when 75510 is divided by 73885.
1625
What is the remainder when 1565490 is divided by 1354?
266
What is the remainder when 17937526 is divided by 12?
10
What is the remainder when 191981 is divided by 5?
1
What is the remainder when 409471 is divided by 89?
71
What is the remainder when 22540 is divided by 21270?
1270
What is the remainder when 3313802 is divided by 1104588?
38
Calculate the remainder when 10262002 is divided by 13.
10
Calculate the remainder when 52305 is divided by 4748.
77
What is the remainder when 37415402 is divided by 32?
10
Calculate the remainder when 25031029 is divided by 380.
49
Calculate the remainder when 659612 is divided by 156.
44
Calculate the remainder when 2089572 is divided by 30727.
136
Calculate the remainder when 58650725 is divided by 6782.
6771
Calculate the remainder when 339658 is divided by 30.
28
Calculate the remainder when 1685893 is divided by 239.
226
What is the remainder when 9511065 is divided by 754?
109
Calculate the remainder when 301163 is divided by 56.
51
What is the remainder when 278420 is divided by 2359?
58
Calculate the remainder when 35489367 is divided by 714.
711
What is the remainder when 595759 is divided by 321?
304
Calculate the remainder when 259800 is divided by 86386.
642
Calculate the remainder when 116235 is divided by 207.
108
Calculate the remainder when 5166080 is divided by 5166066.
14
What is the remainder when 99390331 is divided by 2191?
2189
What is the remainder when 109744 is divided by 15?
4
What is the remainder when 444047 is divided by 147950?
197
What is the remainder when 147236 is divided by 14722?
16
What is the remainder when 939951 is divided by 233927?
4243
What is the remainder when 9951 is divided by 9313?
638
What is the remainder when 39576 is divided by 6560?
216
Calculate the remainder when 200324069 is divided by 10.
9
What is the remainder when 22463433 is divided by 59?
9
Calculate the remainder when 1180870 is divided by 62135.
305
Calculate the remainder when 103547 is divided by 517.
147
Calculate the remainder when 439152 is divided by 54887.
56
Calculate the remainder when 4820582 is divided by 5309.
10
What is the remainder when 94133 is divided by 365?
328
What is the remainder when 1181230 is divided by 16?
14
Calculate the remainder when 12146 is divided by 704.
178
What is the remainder when 9850111 is divided by 211?
209
What is the remainder when 719239 is divided by 719206?
33
Calculate the remainder when 895799 is divided by 99.
47
Calculate the remainder when 11413335 is divided by 6496.
6359
What is the remainder when 1838277 is divided by 276?
117
Calculate the remainder when 3781 is divided by 621.
55
What is the remainder when 538705 is divided by 1118?
947
Calculate the remainder when 398372397 is divided by 40.
37
What is the remainder when 10115399 is divided by 22?
19
What is the remainder when 11420662 is divided by 4037?
4026
Calculate the remainder when 467190 is divided by 155716.
42
Calculate the remainder when 979247 is divided by 979150.
97
Calculate the remainder when 2734693 is divided by 245.
3
Calculate the remainder when 310534 is divided by 501.
415
Calculate the remainder when 7469896 is divided by 312.
304
What is the remainder when 1961676 is divided by 3955?
3951
What is the remainder when 285764 is divided by 40801?
157
What is the remainder when 14315 is divided by 4191?
1742
Calculate the remainder when 16517063 is divided by 31.
15
What is the remainder when 2594869 is divided by 191?
134
What is the remainder when 812825830 is divided by 52?
50
What is the remainder when 2160 is divided by 61?
25
What is the remainder when 17264807 is divided by 28679?
49
What is the remainder when 1131294 is divided by 412?
354
What is the remainder when 408816 is divided by 58399?
23
What is the remainder when 60172435 is divided by 140?
15
What is the remainder when 21187871 is divided by 31436?
7
What is the remainder when 4704165 is divided by 292?
45
Calculate the remainder when 405509 is divided by 185.
174
What is the remainder when 88886 is divided by 406?
378
What is the remainder when 547239 is divided by 72?
39
Calculate the remainder when 278779 is divided by 15485.
49
What is the remainder when 64196782 is divided by 279?
277
What is the remainder when 7141359 is divided by 1145?
1139
Calculate the remainder when 28964941 is divided by 267.
247
What is the remainder when 446932 is divided by 643?
47
Calculate the remainder when 58658 is divided by 58649.
9
What is the remainder when 56857056 is divided by 11?
3
Calculate the remainder when 120817 is divided by 101.
21
Calculate the remainder when 5493263 is divided by 94.
91
What is the remainder when 2499895 is divided by 26?
21
What is the remainder when 628849 is divided by 314381?
87
Calculate the remainder when 9677 is divided by 3657.
2363
What is the remainder when 4819055 is divided by 803168?
47
What is the remainder when 420575 is divided by 35047?
11
What is the remainder when 729443 is divided by 9539?
4479
Calculate the remainder when 15247185 is divided by 469.
464
What is the remainder when 2453268 is divided by 2137?
2129
What is the remainder when 3112316 is divided by 1556146?
24
What is the remainder when 3996527 is divided by 351?
41
Calculate the remainder when 11020572 is divided by 1102057.
2
What is the remainder when 3592299 is divided by 1796068?
163
Calculate the remainder when 2892605 is divided by 217.
212
Calculate the remainder when 119057664 is divided by 13.
11
What is the remainder when 1098896 is divided by 35400?
1496
Calculate the remainder when 20796851 is divided by 4782.
4715
What is the remainder when 150309642 is divided by 422?
416
What is the remainder when 428400 is divided by 7952?
6944
Calculate the remainder when 12551811 is divided by 52.
51
What is the remainder when 67578317 is divided by 10?
7
Calculate the remainder when 28416 is divided by 5678.
26
Calculate the remainder when 522956 is divided by 1944.
20
What is the remainder when 151191 is divided by 18?
9
What is the remainder when 6213366 is divided by 63?
54
Calculate the remainder when 71940 is divided by 249.
228
Calculate the remainder when 604997 is divided by 604509.
488
Calculate the remainder when 27196773 is divided by 528.
21
Calculate the remainder when 5332194 is divided by 181.
115
What is the remainder when 679437 is divided by 3414?
51
What is the remainder when 1122606 is divided by 160350?
156
Calculate the remainder when 516782 is divided by 9915.
1202
Calculate the remainder when 22884 is divided by 342.
312
What is the remainder when 2369617 is divided by 2?
1
What is the remainder when 3464139 is divided by 1894?
13
Calculate the remainder when 3156323 is divided by 8.
3
Calculate the remainder when 23863 is divided by 996.
955
What is the remainder when 9494195 is divided by 593387?
3
Calculate the remainder when 9015 is divided by 17.
5
What is the remainder when 45795 is divided by 1479?
1425
What is the remainder when 2266223 is divided by 22002?
17
Calculate the remainder when 38755313 is divided by 471.
20
What is the remainder when 1012081 is divided by 506000?
81
Calculate the remainder when 656926729 is divided by 196.
193
Calculate the remainder when 226840551 is divided by 5559.
5556
Calculate the remainder when 2203132 is divided by 105.
22
Calculate the remainder when 39473 is divided by 1652.
1477
What is the remainder when 698461 is divided by 349187?
87
Calculate the 